inder when 91 is divided by 27.
10
What is the remainder when 94 is divided by 20?
14
Calculate the remainder when 268 is divided by 69.
61
What is the remainder when 23 is divided by 5?
3
Calculate the remainder when 2160 is divided by 21.
18
What is the remainder when 1004 is divided by 116?
76
Calculate the remainder when 94 is divided by 32.
30
Calculate the remainder when 265 is divided by 19.
18
Calculate the remainder when 204 is divided by 35.
29
Calculate the remainder when 133 is divided by 31.
9
What is the remainder when 36 is divided by 7?
1
What is the remainder when 157 is divided by 50?
7
Calculate the remainder when 3486 is divided by 32.
30
What is the remainder when 186 is divided by 17?
16
What is the remainder when 10959 is divided by 54?
51
Calculate the remainder when 2899 is divided by 955.
34
What is the remainder when 90 is divided by 7?
6
Calculate the remainder when 157 is divided by 55.
47
Calculate the remainder when 454 is divided by 39.
25
What is the remainder when 1519 is divided by 38?
37
Calculate the remainder when 130 is divided by 19.
16
Calculate the remainder when 44 is divided by 13.
5
What is the remainder when 3716 is divided by 33?
20
What is the remainder when 765 is divided by 32?
29
Calculate the remainder when 3531 is divided by 1744.
43
What is the remainder when 365 is divided by 42?
29
What is the remainder when 2004 is divided by 1000?
4
Calculate the remainder when 193 is divided by 187.
6
Calculate the remainder when 356 is divided by 54.
32
What is the remainder when 457 is divided by 164?
129
What is the remainder when 4472 is divided by 63?
62
What is the remainder when 402 is divided by 2?
0
Calculate the remainder when 58 is divided by 7.
2
Calculate the remainder when 847 is divided by 23.
19
Calculate the remainder when 490 is divided by 38.
34
Calculate the remainder when 109 is divided by 10.
9
What is the remainder when 161 is divided by 15?
11
Calculate the remainder when 305 is divided by 14.
11
Calculate the remainder when 76 is divided by 4.
0
Calculate the remainder when 244 is divided by 80.
4
Calculate the remainder when 189 is divided by 39.
33
What is the remainder when 99 is divided by 31?
6
What is the remainder when 648 is divided by 70?
18
What is the remainder when 1232 is divided by 4?
0
Calculate the remainder when 254 is divided by 51.
50
Calculate the remainder when 1705 is divided by 190.
185
Calculate the remainder when 175 is divided by 45.
40
Calculate the remainder when 105 is divided by 19.
10
Calculate the remainder when 1154 is divided by 4.
2
Calculate the remainder when 844 is divided by 68.
28
Calculate the remainder when 178 is divided by 34.
8
What is the remainder when 550 is divided by 182?
4
Calculate the remainder when 363 is divided by 21.
6
What is the remainder when 345 is divided by 21?
9
What is the remainder when 4678 is divided by 13?
11
What is the remainder when 3780 is divided by 39?
36
What is the remainder when 393 is divided by 393?
0
Calculate the remainder when 34417 is divided by 149.
147
Calculate the remainder when 342 is divided by 14.
6
What is the remainder when 598 is divided by 146?
14
What is the remainder when 2159 is divided by 311?
293
Calculate the remainder when 24 is divided by 21.
3
Calculate the remainder when 67 is divided by 12.
7
Calculate the remainder when 11 is divided by 6.
5
What is the remainder when 1752 is divided by 467?
351
Calculate the remainder when 7023 is divided by 7.
2
What is the remainder when 2994 is divided by 994?
12
What is the remainder when 12471 is divided by 54?
51
Calculate the remainder when 3660 is divided by 47.
41
Calculate the remainder when 442 is divided by 284.
158
What is the remainder when 522 is divided by 51?
12
What is the remainder when 1511 is divided by 252?
251
What is the remainder when 196 is divided by 66?
64
Calculate the remainder when 589 is divided by 572.
17
Calculate the remainder when 1248 is divided by 543.
162
Calculate the remainder when 500 is divided by 36.
32
What is the remainder when 315 is divided by 4?
3
Calculate the remainder when 88 is divided by 29.
1
Calculate the remainder when 1489 is divided by 114.
7
What is the remainder when 557 is divided by 49?
18
Calculate the remainder when 365 is divided by 165.
35
Calculate the remainder when 176 is divided by 16.
0
Calculate the remainder when 476 is divided by 470.
6
What is the remainder when 149 is divided by 108?
41
Calculate the remainder when 343 is divided by 50.
43
Calculate the remainder when 6596 is divided by 1648.
4
What is the remainder when 543 is divided by 177?
12
Calculate the remainder when 485 is divided by 54.
53
What is the remainder when 163 is divided by 56?
51
Calculate the remainder when 919 is divided by 456.
7
What is the remainder when 808 is divided by 30?
28
What is the remainder when 185 is divided by 42?
17
Calculate the remainder when 459 is divided by 42.
39
What is the remainder when 980 is divided by 69?
14
Calculate the remainder when 344 is divided by 69.
68
Calculate the remainder when 230 is divided by 6.
2
What is the remainder when 3137 is divided by 3?
2
Calculate the remainder when 628 is divided by 192.
52
What is the remainder when 3315 is divided by 143?
26
Calculate the remainder when 181 is divided by 17.
11
What is the remainder when 363 is divided by 32?
11
What is the remainder when 2017 is divided by 101?
98
What is the remainder when 160 is divided by 117?
43
Calculate the remainder when 274 is divided by 23.
21
Calculate the remainder when 1583 is divided by 18.
17
Calculate the remainder when 3505 is divided by 30.
25
Calculate the remainder when 200 is divided by 52.
44
What is the remainder when 387 is divided by 64?
3
Calculate the remainder when 1637 is divided by 77.
20
Calculate the remainder when 64 is divided by 35.
29
What is the remainder when 797 is divided by 80?
77
What is the remainder when 213 is divided by 24?
21
Calculate the remainder when 85 is divided by 19.
9
Calculate the remainder when 178 is divided by 23.
17
What is the remainder when 2317 is divided by 145?
142
What is the remainder when 1459 is divided by 17?
14
What is the remainder when 2450 is divided by 177?
149
What is the remainder when 1181 is divided by 6?
5
What is the remainder when 292 is divided by 277?
15
Calculate the remainder when 2156 is divided by 18.
14
Calculate the remainder when 5961 is divided by 6.
3
What is the remainder when 1731 is divided by 117?
93
What is the remainder when 2906 is divided by 224?
218
What is the remainder when 78385 is divided by 51?
49
What is the remainder when 332 is divided by 43?
31
Calculate the remainder when 3597 is divided by 1798.
1
Calculate the remainder when 45086 is divided by 16.
14
Calculate the remainder when 1552 is divided by 125.
52
Calculate the remainder when 42 is divided by 13.
3
What is the remainder when 296 is divided by 33?
32
What is the remainder when 386 is divided by 51?
29
What is the remainder when 296 is divided by 43?
38
Calculate the remainder when 172 is divided by 36.
28
What is the remainder when 299 is divided by 50?
49
What is the remainder when 31 is divided by 26?
5
Calculate the remainder when 744 is divided by 15.
9
Calculate the remainder when 1085 is divided by 34.
31
What is the remainder when 681 is divided by 46?
37
Calculate the remainder when 962 is divided by 312.
26
Calculate the remainder when 233 is divided by 110.
13
Calculate the remainder when 5663 is divided by 32.
31
What is the remainder when 458 is divided by 156?
146
What is the remainder when 253 is divided by 32?
29
Calculate the remainder when 994 is divided by 37.
32
Calculate the remainder when 2291 is divided by 45.
41
What is the remainder when 5678 is divided by 23?
20
Calculate the remainder when 646 is divided by 11.
8
Calculate the remainder when 698 is divided by 100.
98
Calculate the remainder when 273 is divided by 23.
20
Calculate the remainder when 354 is divided by 24.
18
What is the remainder when 873 is divided by 38?
37
Calculate the remainder when 771 is divided by 43.
40
Calculate the remainder when 63 is divided by 34.
29
Calculate the remainder when 155 is divided by 47.
14
C